 = -13 - -12. Let l(f) = -12*f**3 + 2*f**2 - 1. List the prime factors of l(j).
13
Let k(o) be the third derivative of -o**6/120 - 7*o**5/60 - 7*o**4/24 - o**3 + 3*o**2. Let f be k(-6). Suppose f*x = x - 33. List the prime factors of x.
3, 11
Let n(i) = -5*i + 55. Let u be n(12). List the prime factors of 12/(((-30)/100)/(6/u)).
2, 3
Suppose -p - 3*h = p + 40, -3*h = 3*p + 57. Let o = 20 + p. Suppose 3*n - 114 = o*l, -5*n + 0*l = -2*l - 205. List the prime factors of n.
43
Let p = -20 + 24. What are the prime factors of 184 + (p - -3)*(-12)/(-21)?
2, 47
Suppose -y - 12 = -4*y, 0 = -5*t - 5*y - 5. Let d = -2 - t. Suppose 12 = -4*a, -d*a - 11 = -4*n + 98. What are the prime factors of n?
5
Suppose -3*u + 9*u + 246 = 0. Let o = 44 + u. What are the prime factors of o?
3
Let i(c) = 4*c**3 + c**2 - 7*c + 8. Let z be i(4). Suppose 0 = 4*v + 4*j - z, 6*v - 3*j = v + 355. List the prime factors of v.
2, 17
Let f = -35 - -42. Suppose -f*o = i - 2*o - 109, 20 = 5*o. List the prime factors of i.
89
Suppose -81*m + 72*m = -15093. List the prime factors of m.
3, 13, 43
Let q = -4 + 0. Suppose -3*p + 0*l = -3*l - 849, 3*l = -p + 287. What are the prime factors of p/14 - q/(-14)?
2, 5
Let j(w) = -w**2 + 27*w - 34. List the prime factors of j(10).
2, 17
Let g = -207 - -399. What are the prime factors of g?
2, 3
What are the prime factors of -3 + (-26)/(-10) - (-154814)/110?
3, 7, 67
Let u(x) = -x + 4. Let j be u(4). Suppose -3*f - 3 = j, s - f - 2 = 19. List the prime factors of s.
2, 5
Let i = 19 + -15. Let n(s) = 5*s**2 - 6*s + 6. List the prime factors of n(i).
2, 31
Let w be 4/(-3)*9/(-2). Suppose 36*d + 42 = 50*d. Let f = w - d. What are the prime factors of f?
3
Suppose 0 = 42*h - 51*h + 18387. List the prime factors of h.
3, 227
Suppose 5*t - 6230 + 1849 = -4*u, -5*t + 5*u + 4390 = 0. Suppose 5 = -5*b, -n + 5*b = 3*n - t. What are the prime factors of n?
2, 109
Let q = -47 - -93. Suppose 5*k - 90 = -2*x, -4*k - 5*x + 43 + q = 0. List the prime factors of k.
2
Let u be ((-20)/12)/((-1)/3). Suppose 3*p + 11 = 5*h, 2*h + 2*p + u = 3. List the prime factors of 5/h*(-7)/(-5).
7
What are the prime factors of 510 - 6/4*(-14)/7?
3, 19
Suppose -w + n + 15 = 49, 3 = -3*n. List the prime factors of 3207/12 - w/(-28).
2, 7, 19
Suppose -2*y + 41 - 9 = 0. Let f be (4/y)/((-1)/(-20)). Suppose 3*p = f*p - 60. List the prime factors of p.
2, 3, 5
Suppose -3*m - 3986 = -66*r + 62*r, -4*r = m - 3994. List the prime factors of r.
2, 499
Suppose 3*u + p = 3*p + 36, -2*u = -4*p - 16. What are the prime factors of u?
2, 7
Let p(d) = 5*d**2 - 2*d. Suppose 4*r + 1 = 9. Let g be p(r). List the prime factors of 36/g + (-2)/8.
2
Suppose 3331 = 20*o + 491. What are the prime factors of o?
2, 71
Let q(z) = z**3 + 12*z**2 - 20*z - 13. Let k be q(-13). What are the prime factors of 1995/39 - 12/k?
3, 17
Let r(x) = 7*x**2 + 8*x + 16. Let v(j) = -8*j**2 - 8*j - 17. Let g(d) = 7*r(d) + 6*v(d). List the prime factors of g(-7).
3
Suppose -4*v - 4*j = -4, 3*j = 4*v - 1 + 4. List the prime factors of (v - -8 - (10 + -6)) + -1.
3
Let t(i) = -i**3 + 5*i**2 + 4*i + 6. Let g = -5 + -9. Let m be (-8)/g - 31/(-7). List the prime factors of t(m).
2, 13
Suppose 3*y = -5*l - 251, -4*y - 208 - 150 = 2*l. Let a = y + 160. What are the prime factors of a?
2, 17
Suppose -3*k = -x + 38, 0*k = 4*k - 3*x + 49. Let f = k - -14. List the prime factors of (-2 - 72)*f/(-2).
37
What are the prime factors of (-5)/((-25)/30) + 3620?
2, 7, 37
Let z(m) = -30*m**3 - m**2 + 9*m + 9. What are the prime factors of z(-3)?
3, 29
Suppose 0 = 4*c + j - 2*j - 20, 0 = -j. Suppose 3*k = -3*b + 288, -112 = -4*b + 3*b - c*k. What are the prime factors of b?
2, 23
Let w(h) = -4*h - h - 24 + 7*h. Let y be w(13). Suppose -y*s + 104 = -42. List the prime factors of s.
73
Let o = 45 - 41. Suppose 4*d = -5*m + 265, o*m + 40 = 2*d - d. List the prime factors of d.
2, 3, 5
Let b(j) = 3*j**2 - 10*j + 13. Let x be b(6). Let f = x - -28. List the prime factors of f.
89
Suppose 5*j - 448 = 107. Suppose -3*o = -4*o + j. List the prime factors of o.
3, 37
Let w be (-12)/18 - (-232)/6. List the prime factors of (w - 2)/1 - 1.
5, 7
Let y(a) = 3*a**3 - 16*a**2 - 4*a - 22. Let g(c) = 10*c**3 - 47*c**2 - 13*c - 65. Let z(k) = 2*g(k) - 7*y(k). What are the prime factors of z(18)?
2, 3, 5
Let m(t) = -t**2 + 48. Suppose -9*l + 5*l = 0. What are the prime factors of m(l)?
2, 3
Suppose -4*r + 69 = -o - 55, -4*o - 5*r = 601. List the prime factors of -5 - o/28 - (-3498)/14.
2, 5
Suppose -8 = -0*u + u - 4*k, -3*u + k = 2. Suppose -l + 2*o + 8 = 3*l, u = -2*l - 5*o + 4. Suppose 5*s = 20, 0*f - 3*s = -l*f + 42. List the prime factors of f.
3
Let l be 5208/70 + 6/10. Suppose 8*a - 1909 = l. List the prime factors of a.
2, 31
List the prime factors of (63/3)/(41/8159).
3, 7, 199
Suppose b - 72 - 60 = 0. Suppose l + b = 5*l. Suppose 0 = z - 5*o - l, 0*o - 75 = -4*z + o. List the prime factors of z.
2, 3
Let c(v) = -39*v + 17. Let j = -29 - -22. Let l be c(j). Suppose -5*p + l = -0*p. What are the prime factors of p?
2, 29
Let c be 24/8 + (-1 - -7). Suppose -3*a - c = 0, -5*v - 2*a = 51 - 15. Let x(b) = -9*b + 5. What are the prime factors of x(v)?
59
Let l be ((-3)/(-2))/((-24)/(-32)). Suppose l*m - 3*m = 3*f - 134, -272 = -2*m - 5*f. List the prime factors of m.
2, 73
Let u(y) = 12*y**2 + 18*y + 80. List the prime factors of u(-13).
2, 937
Let j(o) = 41*o**3 + o**2 - 7. What are the prime factors of j(2)?
5, 13
Suppose -5*k - m + 795 = 0, 2*m - 135 = -k + 24. What are the prime factors of -2*k*-1 - (3 - 1)?
2, 79
Suppose 0 = -4*s + 2*d - 3*d + 143, 0 = -2*s - 5*d + 85. What are the prime factors of s?
5, 7
Let q be 2/9 - (-740)/(-90). Let c be ((-20)/8)/((-1)/q). What are the prime factors of 20/((24/c)/(-3))?
2, 5
Let z = -2 + 7. Let i = -3 + z. Suppose -i*t - 69 = -5*j, -t = j - 2*t - 12. List the prime factors of j.
3, 5
Suppose -6*f + 2*f + 1652 = 0. Suppose -4*l = -f + 133. List the prime factors of l.
2, 5, 7
Let w be 3568/22 - (-4)/(-22). Let z = -92 + w. What are the prime factors of z?
2, 5, 7
Let d = -7 - 15. Let v = -50 - -36. Let t = v - d. What are the prime factors of t?
2
Suppose 5*j - 534 = -2*h + 693, 4*j = -4*h + 2424. List the prime factors of h.
601
Let s be 6/((-2)/(8/(-6))). Suppose 0 = 2*d + 4, 2*x - s*d - 58 - 24 = 0. Suppose -x = -4*a - 13. List the prime factors of a.
2, 3
Let x(b) = -6*b - 6. Let d(r) = 2*r + 2. Let t(g) = 16*d(g) + 5*x(g). Let q(n) = -9*n + 40. Let i be q(4). List the prime factors of t(i).
2, 5
List the prime factors of -5 - ((-6534)/55 - 4/(-5)).
113
Let p(f) = -f**3 - 3*f**2 - 3*f - 4. Let o be p(-3). Suppose 0*h = 11*h - 308. Suppose -25 = o*n, 0 = -3*q - n + 15 + h. What are the prime factors of q?
2
Let y = -1558 + 2432. Suppose -3*n = -4*v - y, 5 = v - 6*v. List the prime factors of n.
2, 5, 29
Let p(w) = 10*w**2 - 9*w + 29. Let q be 8/(5 - 1 - 2). List the prime factors of p(q).
3, 17
Let b be -213*(3 - (-10)/(-3)). Let w = b - 16. Let s = 79 - w. List the prime factors of s.
2, 3
Suppose 38*b + 20 = 33*b, r + 3*b - 3939 = 0. List the prime factors of r.
3, 439
Let i(z) = 35*z - 39. What are the prime factors of i(9)?
2, 3, 23
Suppose 5*b + 5*q = 7*q + 6016, 3*b + 4*q = 3620. List the prime factors of b.
2, 7, 43
Let c(n) = 2*n**2 - 10*n + 8. Let u be c(5). Suppose -5*y - 5*k + 453 = -u*k, 3*k - 12 = 0. List the prime factors of y.
3, 31
Let n(x) = -1323*x - 75. List the prime factors of n(-1).
2, 3, 13
Let q(u) = -u**3 - 5*u**2 + 27. List the prime factors of q(-9).
3, 13
Suppose 3244 = 7*m - 2321. What are the prime factors of m?
3, 5, 53
Let w(u) = u. Let z(g) = -g**2 - 12*g - 4. Let v(h) = 2*w(h) + z(h). Suppose -18 = 5*o - 3*o. What are the prime factors of v(o)?
5
Let r(y) = -y**2 + 52*y + 26. What are the prime factors of r(22)?
2, 7
Let f(l) = -l**2 + 10*l + 8. Let t be f(8). Let g = t - 12. What are the prime factors of -2*g/16*-2?
3
Let w(r) = -r**3 - 2*r**2 + 6*r + 5. Let c = 15 + -17. Let t be (11/(-11))/(c/(-8)). List the prime factors of w(t).
13
Let v be (-40)/(-7) + (-20)/(-70). Suppose 4*i - v*i = -4. Suppose -i*p = 6, -4*b + 0*b + 145 = 5*p. List the prime factors of b.
2, 5
Suppose 12*m = 7*m + 20. Suppose 2*k - m = -t, 3*k - 4*k - 2*t - 4 = 0. What are the prime factors of k?
2
Su